 4462?
2, 23, 97
What are the prime factors of 7254?
2, 3, 13, 31
What are the prime factors of 7849?
47, 167
What are the prime factors of 933?
3, 311
List the prime factors of 8632.
2, 13, 83
What are the prime factors of 6886?
2, 11, 313
List the prime factors of 2057.
11, 17
What are the prime factors of 4071?
3, 23, 59
What are the prime factors of 98262?
2, 3, 53, 103
List the prime factors of 2479.
37, 67
What are the prime factors of 12497?
12497
List the prime factors of 392.
2, 7
List the prime factors of 1936.
2, 11
List the prime factors of 659.
659
List the prime factors of 656.
2, 41
What are the prime factors of 9474?
2, 3, 1579
List the prime factors of 13582.
2, 6791
What are the prime factors of 4454?
2, 17, 131
List the prime factors of 1200.
2, 3, 5
What are the prime factors of 30124?
2, 17, 443
What are the prime factors of 2257?
37, 61
List the prime factors of 4886.
2, 7, 349
List the prime factors of 4488.
2, 3, 11, 17
List the prime factors of 155381.
155381
List the prime factors of 86680.
2, 5, 11, 197
What are the prime factors of 1106?
2, 7, 79
What are the prime factors of 4874?
2, 2437
What are the prime factors of 560?
2, 5, 7
List the prime factors of 28906.
2, 97, 149
What are the prime factors of 25856?
2, 101
List the prime factors of 17805.
3, 5, 1187
What are the prime factors of 9902?
2, 4951
What are the prime factors of 25102?
2, 7, 11, 163
List the prime factors of 3711.
3, 1237
List the prime factors of 1425.
3, 5, 19
What are the prime factors of 786?
2, 3, 131
List the prime factors of 863.
863
List the prime factors of 9237.
3, 3079
What are the prime factors of 13468?
2, 7, 13, 37
What are the prime factors of 2510?
2, 5, 251
List the prime factors of 94731.
3, 7, 13, 347
List the prime factors of 1641.
3, 547
List the prime factors of 1292.
2, 17, 19
List the prime factors of 6532.
2, 23, 71
List the prime factors of 48482.
2, 7, 3463
What are the prime factors of 580?
2, 5, 29
List the prime factors of 11358.
2, 3, 631
What are the prime factors of 1853?
17, 109
What are the prime factors of 32339?
73, 443
List the prime factors of 2199.
3, 733
What are the prime factors of 933?
3, 311
What are the prime factors of 1852?
2, 463
What are the prime factors of 27291?
3, 11, 827
What are the prime factors of 26174?
2, 23, 569
List the prime factors of 8479.
61, 139
List the prime factors of 9399.
3, 13, 241
List the prime factors of 5686.
2, 2843
What are the prime factors of 3631?
3631
What are the prime factors of 334?
2, 167
List the prime factors of 38502.
2, 3, 23, 31
What are the prime factors of 16148?
2, 11, 367
List the prime factors of 39763.
17, 2339
What are the prime factors of 62?
2, 31
What are the prime factors of 13370?
2, 5, 7, 191
What are the prime factors of 2449?
31, 79
What are the prime factors of 9160?
2, 5, 229
What are the prime factors of 34206?
2, 3, 5701
What are the prime factors of 2045?
5, 409
What are the prime factors of 501?
3, 167
What are the prime factors of 2045?
5, 409
List the prime factors of 14157.
3, 11, 13
List the prime factors of 831.
3, 277
What are the prime factors of 3291?
3, 1097
List the prime factors of 51162.
2, 3, 8527
List the prime factors of 654.
2, 3, 109
What are the prime factors of 14272?
2, 223
List the prime factors of 27350.
2, 5, 547
What are the prime factors of 901?
17, 53
What are the prime factors of 108056?
2, 13, 1039
List the prime factors of 61191.
3, 13, 523
List the prime factors of 2237.
2237
List the prime factors of 2173.
41, 53
List the prime factors of 903.
3, 7, 43
What are the prime factors of 32913?
3, 23, 53
What are the prime factors of 64123?
64123
What are the prime factors of 24160?
2, 5, 151
List the prime factors of 95104.
2, 743
What are the prime factors of 47500?
2, 5, 19
What are the prime factors of 19000?
2, 5, 19
What are the prime factors of 60368?
2, 7, 11
What are the prime factors of 276?
2, 3, 23
What are the prime factors of 745?
5, 149
What are the prime factors of 58631?
58631
List the prime factors of 3891.
3, 1297
What are the prime factors of 8477?
7, 173
What are the prime factors of 3847?
3847
List the prime factors of 24822.
2, 3, 7, 197
What are the prime factors of 843?
3, 281
List the prime factors of 2413.
19, 127
List the prime factors of 161973.
3, 7, 857
List the prime factors of 759.
3, 11, 23
List the prime factors of 19599.
3, 47, 139
List the prime factors of 1993.
1993
What are the prime factors of 51847?
139, 373
What are the prime factors of 6495?
3, 5, 433
List the prime factors of 30417.
3, 10139
What are the prime factors of 27548?
2, 71, 97
List the prime factors of 885.
3, 5, 59
List the prime factors of 413.
7, 59
List the prime factors of 9266.
2, 41, 113
List the prime factors of 41897.
41897
List the prime factors of 21124.
2, 5281
List the prime factors of 36534.
2, 3, 6089
List the prime factors of 43505.
5, 7, 11, 113
What are the prime factors of 9751?
7, 199
List the prime factors of 145046.
2, 11, 19, 347
What are the prime factors of 11764?
2, 17, 173
What are the prime factors of 3192?
2, 3, 7, 19
What are the prime factors of 29999?
131, 229
List the prime factors of 772.
2, 193
What are the prime factors of 339?
3, 113
List the prime factors of 1649.
17, 97
List the prime factors of 1624.
2, 7, 29
What are the prime factors of 693?
3, 7, 11
List the prime factors of 682.
2, 11, 31
List the prime factors of 1288.
2, 7, 23
List the prime factors of 33904.
2, 13, 163
What are the prime factors of 11115?
3, 5, 13, 19
What are the prime factors of 1566?
2, 3, 29
What are the prime factors of 718?
2, 359
What are the prime factors of 1411?
17, 83
What are the prime factors of 7186?
2, 3593
List the prime factors of 6954.
2, 3, 19, 61
List the prime factors of 1617.
3, 7, 11
What are the prime factors of 36166?
2, 13, 107
What are the prime factors of 5198?
2, 23, 113
List the prime factors of 5820.
2, 3, 5, 97
What are the prime factors of 2782?
2, 13, 107
What are the prime factors of 783?
3, 29
What are the prime factors of 3191?
3191
List the prime factors of 1042.
2, 521
What are the prime factors of 5045?
5, 1009
List the prime factors of 3932.
2, 983
List the prime factors of 24.
2, 3
What are the prime factors of 9827?
31, 317
List the prime factors of 18141.
3, 6047
What are the prime factors of 340?
2, 5, 17
List the prime factors of 687.
3, 229
What are the prime factors of 15712?
2, 491
List the prime factors of 3965.
5, 13, 61
What are the prime factors of 713?
23, 31
What are the prime factors of 190?
2, 5, 19
List the prime factors of 3416.
2, 7, 61
What are the prime factors of 2779?
7, 397
List the prime factors of 1845.
3, 5, 41
What are the prime factors of 123873?
3, 157, 263
List the prime factors of 6972.
2, 3, 7, 83
What are the prime factors of 229?
229
List the prime factors of 2346.
2, 3, 17, 23
List the prime factors of 16230.
2, 3, 5, 541
List the prime factors of 101361.
3, 13, 23, 113
List the prime factors of 1606.
2, 11, 73
What are the prime factors of 1029?
3, 7
What are the prime factors of 92522?
2, 46261
What are the prime factors of 51?
3, 17
List the prime factors of 47319.
3, 15773
What are the prime factors of 446?
2, 223
List the prime factors of 51316.
2, 12829
What are the prime factors of 43420?
2, 5, 13, 167
List the prime factors of 4886.
2, 7, 349
What are the prime factors of 4562?
2, 2281
List the prime factors of 5437.
5437
What are the prime factors of 946?
2, 11, 43
What are the prime factors of 69058?
2, 11, 43, 73
List the prime factors of 62840.
2, 5, 1571
What are the prime factors of 1886?
2, 23, 41
List the prime factors of 231.
3, 7, 11
List the prime factors of 110438.
2, 55219
List the prime factors of 5551.
7, 13, 61
List the prime factors of 373.
373
What are the prime factors of 2664?
2, 3, 37
List the prime factors of 5115.
3, 5, 11, 31
What are the prime factors of 659?
659
List the prime factors of 18559.
67, 277
List the prime factors of 2007.
3, 223
What are the prime factors of 2843?
2843
List the prime factors of 8459.
11, 769
What are the prime factors of 302?
2, 151
List the prime factors of 18514.
2, 9257
What are the prime factors of 776?
2, 97
List the prime factors of 1207.
17, 7